Is 1047493 prime?
False
Is 194290823 a composite number?
True
Is 227179 a composite number?
True
Is 1381187 prime?
True
Is 91789 prime?
False
Is 292394591 a prime number?
False
Is 6922303 prime?
False
Is 194820923 prime?
False
Is 1380661 prime?
False
Is 3495269 composite?
False
Is 31852103 composite?
False
Is 34557 prime?
False
Is 14221127 a composite number?
False
Is 133831049 a prime number?
False
Is 191235719 a composite number?
False
Is 150223457 a prime number?
False
Is 4579567 a prime number?
True
Is 13642235 composite?
True
Is 14108947 prime?
True
Is 6127109 prime?
False
Is 6989149 a composite number?
True
Is 19332449 prime?
True
Is 47924359 prime?
False
Is 41914681 composite?
False
Is 9068071 a prime number?
False
Is 7781287 a composite number?
False
Is 309010601 a prime number?
True
Is 2089751 composite?
False
Is 119024053 a composite number?
False
Is 5505313 a composite number?
True
Is 19652637 prime?
False
Is 251851451 a prime number?
True
Is 5025617 prime?
True
Is 4373 a prime number?
True
Is 40820537 composite?
False
Is 5627849 composite?
False
Is 3825205 a prime number?
False
Is 14041183 a prime number?
False
Is 53120399 a composite number?
False
Is 384971 prime?
False
Is 1056863 a prime number?
True
Is 18217813 a composite number?
False
Is 7347901 prime?
False
Is 1159127 a composite number?
False
Is 103656953 a prime number?
False
Is 22786145 a prime number?
False
Is 112794283 a composite number?
True
Is 35051227 a composite number?
True
Is 1301761 composite?
False
Is 43496903 a composite number?
False
Is 15945145 prime?
False
Is 1745993 a prime number?
False
Is 66790613 a composite number?
True
Is 342555289 a composite number?
False
Is 24631457 composite?
True
Is 3990481701 composite?
True
Is 5655347 prime?
True
Is 9951331 composite?
True
Is 32813503 prime?
False
Is 69209611 composite?
True
Is 25481933 prime?
True
Is 485993 a prime number?
True
Is 611738191 composite?
True
Is 7279003 prime?
True
Is 53094767 a composite number?
True
Is 2355209 a composite number?
False
Is 23018703 a composite number?
True
Is 100100465 a prime number?
False
Is 2360069 a composite number?
False
Is 9888629 a prime number?
True
Is 18612787 prime?
True
Is 24635527 a prime number?
False
Is 4913791 a composite number?
False
Is 8795947 composite?
False
Is 56974517 a composite number?
False
Is 7374737 a composite number?
True
Is 119983687 composite?
False
Is 37506043 composite?
False
Is 4297731 a composite number?
True
Is 96996403 a composite number?
True
Is 77880273 a composite number?
True
Is 301349 prime?
True
Is 23262541 a prime number?
True
Is 2348785 a composite number?
True
Is 3201382 composite?
True
Is 24613027 composite?
False
Is 14162359 a prime number?
False
Is 14662843 a prime number?
False
Is 91609873 composite?
True
Is 5591279 composite?
True
Is 187131623 a prime number?
False
Is 5743759 a prime number?
False
Is 1736599 a prime number?
True
Is 219834029 a composite number?
False
Is 29562833 prime?
False
Is 18232831 a prime number?
True
Is 2584961 a composite number?
True
Is 9451399 composite?
True
Is 5530907 composite?
True
Is 44442217 composite?
True
Is 6060319 a prime number?
True
Is 729107 prime?
False
Is 1106741 prime?
True
Is 130718905 a composite number?
True
Is 31706357 composite?
False
Is 5426051 a prime number?
True
Is 13147949 prime?
True
Is 154823 a prime number?
True
Is 84302923 a prime number?
False
Is 16441561 a prime number?
False
Is 3801601 a composite number?
True
Is 1557461 a composite number?
True
Is 71874059 a prime number?
True
Is 56416421 a composite number?
True
Is 726983 a prime number?
True
Is 166275955 a prime number?
False
Is 849083 a composite number?
False
Is 415219391 composite?
True
Is 2502389 a prime number?
True
Is 26328473 a prime number?
True
Is 12261059 prime?
True
Is 139132849 a composite number?
True
Is 231497533 a prime number?
False
Is 55851853 a prime number?
False
Is 5692391 composite?
False
Is 490211 a prime number?
False
Is 8787491 prime?
True
Is 26105801 prime?
True
Is 70416583 composite?
False
Is 376967 prime?
False
Is 3975485 prime?
False
Is 595999 composite?
True
Is 7475191 a composite number?
True
Is 13862593 a prime number?
False
Is 13009793 composite?
True
Is 2072267 a composite number?
False
Is 40491991 prime?
True
Is 21190661 composite?
False
Is 2051923 a composite number?
False
Is 22601 a prime number?
False
Is 20348309 prime?
True
Is 26490719 a prime number?
True
Is 1257457 prime?
True
Is 38146259 a prime number?
False
Is 10795319 prime?
False
Is 2873293 a composite number?
False
Is 7966843 a prime number?
True
Is 14338007 prime?
False
Is 544169 prime?
False
Is 910421 a prime number?
True
Is 2397319 a prime number?
True
Is 35827709 a prime number?
True
Is 10203257 composite?
False
Is 477137471 a prime number?
False
Is 977591 prime?
True
Is 225539263 a prime number?
True
Is 11118719 composite?
True
Is 57223319 prime?
True
Is 763298057 a composite number?
False
Is 66126337 a composite number?
True
Is 3039077 composite?
False
Is 21474113 composite?
False
Is 197339063 composite?
True
Is 16786381 a composite number?
True
Is 2316449 a composite number?
False
Is 623799093 composite?
True
Is 1678181 prime?
True
Is 34267133 a composite number?
False
Is 1075818221 a prime number?
False
Is 38801011 a composite number?
False
Is 648059519 a composite number?
False
Is 18608017 composite?
False
Is 50201 composite?
True
Is 12116449 prime?
True
Is 319610789 composite?
True
Is 70189289 a composite number?
False
Is 101549179 composite?
False
Is 99661 composite?
False
Is 2413655 composite?
True
Is 8673677 composite?
False
Is 1054318 composite?
True
Is 1887541 composite?
True
Is 30655627 prime?
True
Is 4320263 a prime number?
False
Is 35381869 a prime number?
True
Is 89619059 composite?
False
Is 50782469 a prime number?
True
Is 2184719 prime?
False
Is 326209847 a prime number?
False
Is 3367901 a composite number?
False
Is 538895813 a prime number?
True
Is 47146039 a composite number?
False
Is 208937603 a composite number?
True
Is 1518509 composite?
True
Is 27358141 a composite number?
False
Is 73581137 composite?
True
Is 2910797 prime?
True
Is 1434827 a prime number?
True
Is 7582363 a prime number?
True
Is 650179 a composite number?
False
Is 279563 composite?
True
Is 4618429 a composite number?
False
Is 14799451 prime?
True
Is 28313609 a prime number?
False
Is 627813187 a prime number?
True
Is 4530269 a composite number?
True
Is 197386927 a prime number?
True
Is 2003867 composite?
True
Is 7323647 prime?
True
Is 4493617 a composite number?
True
Is 23582851 a prime number?
True
Is 2585239 prime?
False
Is 5524385 composite?
True
Is 305493233 a prime number?
True
Is 48156377 a composite number?
False
Is 4197071 prime?
False
Is 308732491 a composite number?
False
Is 6162421 composite?
True
Is 94727821 composite?
True
Is 17807 prime?
True
Is 388567 composite?
False
Is 2164791 a prime number?
False
Is 4212177 a composite number?
True
Is 581227 composite?
False
Is 6390379 prime?
True
Is 5171717 a prime number?
False
Is 11025959 a composite number?
True
Is 26440033 a prime number?
True
Is 197584315 a prime number?
False
Is 37024363 prime?
False
Is 357479 a composite number?
True
Is 234751 a prime number?
False
Is 1850803 composite?
False
Is 3654267 prime?
False
Is 497957 prime?
True
Is 71895367 a composite number?
False
Is 13511353 prime?
True
Is 139861 composite?
False
Is 20909561 composite?
True
Is 14647459 prime?
True
Is 50132791 prime?
False
Is 31783817 a composite number?
True
Is 6470003 composite?
False
Is 58148441 a composite number?
True
Is 6151721 composite?
False
Is 1277747 prime?
False
Is 3142801 a prime number?
False
Is 28445831 prime?
False
Is 2244691651 a prime number?
True
Is 114031793 prime?
True
Is 8180143 a prime number?
True
Is 363407401 prime?
False
Is 5425943 composite?
False
Is 10392755 composite?
True
Is 13392487 prime?
True
Is 29041477 a composite number?
True
Is 3622877 prime?
False
Is 12375305 composite?
True
Is 275513 a composite number?
True
Is 32015201 prime?
True
Is 5055859 prime?
True
Is 21215101 composite?
False
Is 345169 a composite number?
True
Is 5230157 prime?
True
Is 5906153 a prime number?
False
Is 210010901 a composite number?
False
Is 3665477 composite?
False
Is 19234589 